is the hundred millions digit of 3497097986?
4
What is the thousands digit of 19214167?
4
What is the ten thousands digit of 101795432?
9
What is the millions digit of 36659808?
6
What is the millions digit of 507948811?
7
What is the thousands digit of 983008314?
8
What is the hundred thousands digit of 1643326835?
3
What is the hundred millions digit of 2693490376?
6
What is the ten thousands digit of 3426771470?
7
What is the ten millions digit of 1850280876?
5
What is the hundreds digit of 34387198?
1
What is the tens digit of 629202957?
5
What is the ten thousands digit of 808025376?
2
What is the units digit of 15000964?
4
What is the units digit of 273318755?
5
What is the units digit of 2645367831?
1
What is the hundreds digit of 12765669?
6
What is the millions digit of 292035933?
2
What is the thousands digit of 43002350?
2
What is the billions digit of 1031061418?
1
What is the tens digit of 1564367473?
7
What is the thousands digit of 1599433996?
3
What is the thousands digit of 46236895?
6
What is the hundred millions digit of 2499597452?
4
What is the millions digit of 267310301?
7
What is the thousands digit of 114819939?
9
What is the millions digit of 2067461365?
7
What is the millions digit of 522141534?
2
What is the millions digit of 72520053?
2
What is the ten millions digit of 358885160?
5
What is the hundred thousands digit of 544386778?
3
What is the hundreds digit of 380125296?
2
What is the hundred thousands digit of 19429279?
4
What is the units digit of 5758060318?
8
What is the hundred thousands digit of 769515497?
5
What is the units digit of 141899657?
7
What is the ten thousands digit of 1018331657?
3
What is the thousands digit of 30346388?
6
What is the thousands digit of 45048919?
8
What is the units digit of 287025694?
4
What is the thousands digit of 249150641?
0
What is the ten millions digit of 977419762?
7
What is the tens digit of 559608629?
2
What is the units digit of 861540378?
8
What is the thousands digit of 466337732?
7
What is the ten millions digit of 5739694934?
3
What is the ten millions digit of 45885942?
4
What is the millions digit of 4702576726?
2
What is the ten thousands digit of 99307503?
0
What is the hundreds digit of 2949038627?
6
What is the hundred thousands digit of 49059800?
0
What is the ten millions digit of 137263842?
3
What is the tens digit of 168932551?
5
What is the thousands digit of 5499622511?
2
What is the ten millions digit of 169198682?
6
What is the hundreds digit of 129703163?
1
What is the ten thousands digit of 8293679656?
7
What is the ten thousands digit of 8652923?
5
What is the millions digit of 28302020?
8
What is the ten thousands digit of 39204429?
0
What is the tens digit of 41788587?
8
What is the units digit of 5176176573?
3
What is the units digit of 101198495?
5
What is the ten thousands digit of 45967462?
6
What is the units digit of 891251566?
6
What is the ten thousands digit of 4815526986?
2
What is the ten thousands digit of 225784574?
8
What is the millions digit of 1405203230?
5
What is the units digit of 1911842035?
5
What is the ten millions digit of 1642046856?
4
What is the hundred millions digit of 1055688429?
0
What is the hundreds digit of 456860440?
4
What is the hundreds digit of 4040198387?
3
What is the units digit of 28271865?
5
What is the millions digit of 33967730?
3
What is the hundred thousands digit of 162847549?
8
What is the ten thousands digit of 755746530?
4
What is the thousands digit of 2126786956?
6
What is the hundred millions digit of 987329069?
9
What is the ten millions digit of 804945697?
0
What is the ten thousands digit of 13192356?
9
What is the hundred thousands digit of 29108110?
1
What is the billions digit of 1473933682?
1
What is the millions digit of 77245355?
7
What is the thousands digit of 687742123?
2
What is the thousands digit of 19653073?
3
What is the thousands digit of 6331708921?
8
What is the hundreds digit of 3665044717?
7
What is the tens digit of 174856785?
8
What is the hundred millions digit of 387484765?
3
What is the hundreds digit of 1216867727?
7
What is the ten thousands digit of 20772389?
7
What is the ten thousands digit of 1831084756?
8
What is the millions digit of 3404725?
3
What is the hundred thousands digit of 10300887?
3
What is the units digit of 68120093?
3
What is the hundred millions digit of 1488282187?
4
What is the tens digit of 139561008?
0
What is the hundreds digit of 53152?
1
What is the tens digit of 3767097637?
3
What is the hundred thousands digit of 36638999?
6
What is the ten millions digit of 537348066?
3
What is the ten thousands digit of 330750832?
5
What is the units digit of 205566690?
0
What is the hundreds digit of 7165974477?
4
What is the thousands digit of 51110314?
0
What is the units digit of 185190936?
6
What is the units digit of 17565660?
0
What is the units digit of 32139281?
1
What is the hundreds digit of 132255315?
3
What is the thousands digit of 1703771329?
1
What is the hundreds digit of 2849518347?
3
What is the ten thousands digit of 3909460914?
6
What is the hundred thousands digit of 60240532?
2
What is the thousands digit of 269408975?
8
What is the ten millions digit of 12085393?
1
What is the millions digit of 32634834?
2
What is the units digit of 33127246?
6
What is the ten thousands digit of 1782690387?
9
What is the tens digit of 4669421055?
5
What is the tens digit of 639619071?
7
What is the thousands digit of 699914887?
4
What is the millions digit of 97002300?
7
What is the hundreds digit of 1829844499?
4
What is the units digit of 342790658?
8
What is the thousands digit of 4826468468?
8
What is the thousands digit of 263591344?
1
What is the units digit of 207596237?
7
What is the hundred thousands digit of 79310406?
3
What is the hundred millions digit of 3100676138?
1
What is the thousands digit of 776235742?
5
What is the hundreds digit of 36180851?
8
What is the hundred millions digit of 138204606?
1
What is the millions digit of 1932458813?
2
What is the millions digit of 59164563?
9
What is the hundred millions digit of 822730133?
8
What is the hundreds digit of 10990166?
1
What is the hundreds digit of 28618154?
1
What is the hundred thousands digit of 353468063?
4
What is the millions digit of 41256379?
1
What is the hundreds digit of 169267555?
5
What is the hundreds digit of 3990968957?
9
What is the hundreds digit of 3363196261?
2
What is the units digit of 546947087?
7
What is the ten millions digit of 177668922?
7
What is the ten millions digit of 381738742?
8
What is the units digit of 4066800717?
7
What is the units digit of 1019560157?
7
What is the tens digit of 98797580?
8
What is the billions digit of 1936797687?
1
What is the hundred millions digit of 135193747?
1
What is the thousands digit of 44709875?
9
What is the thousands digit of 1732425788?
5
What is the tens digit of 160170574?
7
What is the ten millions digit of 202212969?
0
What is the tens digit of 8861979?
7
What is the hundreds digit of 7905336247?
2
What is the ten millions digit of 45545949?
4
What is the hundreds digit of 292108915?
9
What is the ten thousands digit of 8024272347?
7
What is the ten millions digit of 4539278078?
3
What is the millions digit of 4022674711?
2
What is the millions digit of 1594886237?
4
What is the ten millions digit of 1525290363?
2
What is the units digit of 48624524?
4
What is the millions digit of 471086606?
1
What is the hundred millions digit of 1441369307?
4
What is the thousands digit of 723861214?
1
What is the millions digit of 8646605?
8
What is the hundred millions digit of 182305732?
1
What is the thousands digit of 2132630?
2
What is the tens digit of 281850265?
6
What is the thousands digit of 816352392?
2
What is the hundreds digit of 1923345590?
5
What is the ten thousands digit of 1920383594?
8
What is the ten thousands digit of 55763566?
6
What is the millions digit of 41206532?
1
What is the units digit of 86447234?
4
What is the hundred thousands digit of 918099909?
0
What is the millions digit of 90770728?
0
What is the tens digit of 3446304389?
8
What is the ten millions digit of 243506468?
4
What is the hundred thousands digit of 61741612?
7
What is the millions digit of 4725253